8 composite?
True
Is 155609 a composite number?
False
Is 22189 a composite number?
False
Is 112071 composite?
True
Is 2109161 composite?
False
Is 16418 a composite number?
True
Is 15563 a composite number?
True
Is 854171 composite?
False
Is 36373 composite?
False
Is 51967 a prime number?
False
Is 168803 composite?
False
Is 156419 composite?
False
Is 683807 a prime number?
True
Is 46303 a composite number?
True
Is 12097 composite?
False
Is 57329 a prime number?
True
Is 165749 a prime number?
True
Is 286409 a prime number?
False
Is 197849 prime?
False
Is 15557 composite?
True
Is 300341 a prime number?
False
Is 437369 a prime number?
False
Is 738601 a composite number?
True
Is 99431 composite?
False
Is 404941 composite?
False
Is 387911 a prime number?
True
Is 463247 prime?
True
Is 511669 composite?
False
Is 8947 composite?
True
Is 1016339 a composite number?
False
Is 50261 prime?
True
Is 7231 prime?
False
Is 957031 a composite number?
False
Is 37255 a prime number?
False
Is 181867 prime?
False
Is 86123 composite?
True
Is 14179 a composite number?
True
Is 108751 a prime number?
True
Is 25689 composite?
True
Is 4969 composite?
False
Is 2033051 prime?
True
Is 874655 a composite number?
True
Is 887333 composite?
False
Is 548267 a prime number?
False
Is 57185 composite?
True
Is 18539 prime?
True
Is 58567 prime?
True
Is 9899 a composite number?
True
Is 1319762 composite?
True
Is 4841 a prime number?
False
Is 2927 a prime number?
True
Is 87491 a composite number?
False
Is 71237 prime?
True
Is 56939 prime?
False
Is 9103 a prime number?
True
Is 20287 composite?
False
Is 730603 a composite number?
False
Is 43961 composite?
False
Is 14693 composite?
True
Is 3989 a prime number?
True
Is 4187 composite?
True
Is 122773 a composite number?
True
Is 2609 prime?
True
Is 544411 a composite number?
True
Is 17569 prime?
True
Is 16869 prime?
False
Is 2149 a composite number?
True
Is 19289 prime?
True
Is 246227 a prime number?
False
Is 289658 prime?
False
Is 7729 composite?
True
Is 5541 composite?
True
Is 249649 a composite number?
True
Is 13909 a composite number?
True
Is 259 prime?
False
Is 4412917 composite?
False
Is 6947 a prime number?
True
Is 19709 prime?
True
Is 3019 composite?
False
Is 1571991 a composite number?
True
Is 8623 composite?
False
Is 52651 a composite number?
True
Is 80893 a composite number?
True
Is 1271437 prime?
False
Is 2837 prime?
True
Is 61679 a prime number?
False
Is 178753 composite?
False
Is 160201 a prime number?
True
Is 29683 a composite number?
False
Is 5383195 composite?
True
Is 628289 a prime number?
True
Is 72931 a composite number?
False
Is 29851 composite?
False
Is 1481 a composite number?
False
Is 179143 composite?
False
Is 42505 a prime number?
False
Is 41333 a prime number?
True
Is 840953 composite?
True
Is 380569 composite?
True
Is 14519 a composite number?
False
Is 56839 composite?
True
Is 17077 a prime number?
True
Is 21377 a composite number?
False
Is 578137 a prime number?
False
Is 97307 a prime number?
False
Is 4358 a composite number?
True
Is 146203 a composite number?
False
Is 134807 a prime number?
True
Is 4733 a prime number?
True
Is 2721 prime?
False
Is 24537 a prime number?
False
Is 132229 composite?
False
Is 587 composite?
False
Is 4441633 prime?
False
Is 71707 a prime number?
True
Is 64433 composite?
False
Is 401255 a prime number?
False
Is 20707 composite?
False
Is 37331 composite?
True
Is 889 prime?
False
Is 87943 composite?
False
Is 149963 a prime number?
False
Is 303139 a composite number?
False
Is 147997 a prime number?
True
Is 11771 a composite number?
True
Is 290317 composite?
False
Is 207839 prime?
False
Is 1619 prime?
True
Is 3833 composite?
False
Is 221863 prime?
False
Is 963163 prime?
True
Is 2879 prime?
True
Is 272183 a composite number?
False
Is 20993 prime?
False
Is 88301 a composite number?
False
Is 99451 a prime number?
False
Is 17165 prime?
False
Is 57301 a composite number?
False
Is 5189 prime?
True
Is 40423 a composite number?
False
Is 610409 prime?
True
Is 1197509 composite?
False
Is 49483 prime?
False
Is 131293 a composite number?
False
Is 18373 prime?
False
Is 224633 composite?
False
Is 11279 composite?
False
Is 4553 a composite number?
True
Is 17653 composite?
True
Is 34063 a composite number?
True
Is 17741 prime?
False
Is 280615 a composite number?
True
Is 99377 composite?
False
Is 36761 prime?
True
Is 167663 a prime number?
True
Is 7817 a prime number?
True
Is 61303 a prime number?
False
Is 105041 a prime number?
False
Is 532093 a composite number?
False
Is 389791 a prime number?
True
Is 395 a composite number?
True
Is 10159 prime?
True
Is 262897 prime?
True
Is 18839 composite?
False
Is 10361 prime?
False
Is 143873 a prime number?
True
Is 128389 prime?
True
Is 256439 prime?
False
Is 54947 prime?
False
Is 21071 prime?
False
Is 258197 a prime number?
True
Is 13859 composite?
False
Is 9803 a prime number?
True
Is 34807 composite?
False
Is 4853 a composite number?
True
Is 1531697 prime?
True
Is 1261 a composite number?
True
Is 6403 a composite number?
True
Is 1087 composite?
False
Is 122 prime?
False
Is 75065 prime?
False
Is 173551 composite?
True
Is 647069 a composite number?
False
Is 25105 a composite number?
True
Is 54989 a composite number?
True
Is 394879 a composite number?
False
Is 367469 a prime number?
True
Is 267517 a composite number?
False
Is 77611 composite?
False
Is 10334 composite?
True
Is 13159 composite?
False
Is 210331 composite?
True
Is 6469 a composite number?
False
Is 139319 a prime number?
False
Is 1009 a composite number?
False
Is 482981 prime?
False
Is 1006051 a composite number?
True
Is 6542 composite?
True
Is 3282677 composite?
True
Is 118511 prime?
False
Is 75307 prime?
True
Is 479 a prime number?
True
Is 298318 prime?
False
Is 45481 composite?
False
Is 2515 composite?
True
Is 45743 a composite number?
True
Is 1255 composite?
True
Is 583 composite?
True
Is 15527 a composite number?
False
Is 1626589 a prime number?
True
Is 34027 composite?
True
Is 1875037 a composite number?
False
Is 4283 a composite number?
False
Is 3983 composite?
True
Is 119263 prime?
False
Is 1409 a prime number?
True
Is 148507 composite?
True
Is 60773 a prime number?
True
Is 3523 composite?
True
Is 382103 a composite number?
False
Is 38297 composite?
True
Is 23939 prime?
False
Is 14813 a prime number?
True
Is 24655 prime?
False
Is 1542593 composite?
True
Is 15013 a prime number?
True
Is 189827 composite?
True
Is 53981 a prime number?
False
Is 3251 prime?
True
Is 84521 a prime number?
True
Is 8227 a prime number?
False
Is 70603 a prime number?
False
Is 42589 a prime number?
True
Is 151907 composite?
True
Is 57097 prime?
True
Is 18041 a composite number?
False
Is 883517 prime?
True
Is 570781 prime?
True
Is 662911 composite?
True
Is 34753 prime?
False
Is 14923 prime?
True
Is 55059 prime?
False
Is 89513 prime?
True
Is 26421 a composite number?
True
Is 222707 composite?
False
Is 505705 a prime number?
False
Is 723427 prime?
False
Is 1417847 prime?
False
Is 35147 a composite number?
True
Is 197471 a prime number?
False
Is 41315 a composite number?
True
Is 171161 prime?
True
Is 214877 a prime number?
False
Is 69929 a prime number?
True
Is 1709087 a prime number?
True
Is 5266 composite?
True
Is 82681 composite?
True
Is 28181 prime?
True
Is 28439 prime?
True
Is 16871 a prime number?
True
Is 487 a composite number?
False
Is 386471 composite?
False
Is 18397 a composite number?
False
Is 14969 a prime number?
True
Is 24587 a prime number?
False
Is 184073 composite?
False
Is 27355 composite?
True
Is 25937 composite?
True
Is 106693 composite?
False
Is 44705 a prime number?
False
Is 2023787 a prime number?
False
Is 19967 a composite number?
True
Is 70537 prime?
True
Is 1835 prime?
False
Is 2047 a prime number?
False
Is 1289629 composite?
True
Is 7129 a prime number?
True
Is 731597 composite?
False
Is 9977 prime?
False
Is 28151 a composite number?
False
Is 96549 a prime number?
False
Is 188095 composite?
True
Is 4633 a prime number?
False
Is 343411 composite?
False
Is 64217 a prime number?
True
Is 186917 composite?
False
Is 358153 a composite number?
False
Is 4081601 a prime number?
True
Is 93669 a prime number?
False
Is 74243 a prime number?
False
Is 11159 a prime number?
True
Is 2999 prime?
True
Is 175765 a c